 7413823 is divided by 41?
39
Calculate the remainder when 145238 is divided by 610.
58
Calculate the remainder when 2530874 is divided by 389.
40
What is the remainder when 1518342 is divided by 2200?
342
Calculate the remainder when 22460 is divided by 4143.
1745
What is the remainder when 35507314 is divided by 522166?
26
Calculate the remainder when 130912611 is divided by 34.
31
What is the remainder when 23362286 is divided by 423?
419
Calculate the remainder when 269397707 is divided by 34.
33
Calculate the remainder when 3587890 is divided by 2123.
20
Calculate the remainder when 2305504 is divided by 28.
12
Calculate the remainder when 493470 is divided by 164265.
675
Calculate the remainder when 27646 is divided by 527.
242
What is the remainder when 65106765 is divided by 456?
453
Calculate the remainder when 179312847 is divided by 2603.
2589
What is the remainder when 230339 is divided by 1458?
1433
What is the remainder when 203731 is divided by 101849?
33
What is the remainder when 1365502 is divided by 5114?
64
Calculate the remainder when 281915958 is divided by 36.
30
What is the remainder when 20435 is divided by 754?
77
Calculate the remainder when 209586 is divided by 484.
14
What is the remainder when 564849 is divided by 9580?
9209
Calculate the remainder when 170823 is divided by 10401.
4407
Calculate the remainder when 7176950 is divided by 52.
14
Calculate the remainder when 171427 is divided by 55872.
3811
What is the remainder when 16444906 is divided by 58?
50
What is the remainder when 92345 is divided by 10493?
8401
Calculate the remainder when 17161818 is divided by 290878.
16
Calculate the remainder when 1362172 is divided by 81.
76
What is the remainder when 2776287 is divided by 838?
831
What is the remainder when 489059 is divided by 244512?
35
What is the remainder when 333871 is divided by 5900?
3471
What is the remainder when 261436 is divided by 9682?
22
Calculate the remainder when 9675987 is divided by 32799.
282
Calculate the remainder when 112054 is divided by 1118.
254
What is the remainder when 38071 is divided by 3438?
253
What is the remainder when 319874543 is divided by 49?
44
What is the remainder when 182974 is divided by 20261?
625
What is the remainder when 9104519 is divided by 1517418?
11
What is the remainder when 1952689 is divided by 69729?
277
What is the remainder when 1634447 is divided by 102152?
15
Calculate the remainder when 3422355 is divided by 670.
665
Calculate the remainder when 35789028 is divided by 4811.
4810
Calculate the remainder when 175461 is divided by 949.
845
What is the remainder when 81350669 is divided by 227?
225
What is the remainder when 2299701 is divided by 85174?
3
What is the remainder when 281061 is divided by 222?
9
What is the remainder when 25034725 is divided by 139?
130
What is the remainder when 80242 is divided by 70?
22
Calculate the remainder when 260352 is divided by 129900.
552
Calculate the remainder when 52296 is divided by 17429.
9
What is the remainder when 202267 is divided by 68?
35
Calculate the remainder when 365508 is divided by 28.
24
What is the remainder when 5296923 is divided by 264845?
23
What is the remainder when 516733 is divided by 129154?
117
What is the remainder when 111170585 is divided by 897?
890
What is the remainder when 9803227 is divided by 3267740?
7
Calculate the remainder when 480200 is divided by 156615.
10355
What is the remainder when 60328591 is divided by 13?
11
What is the remainder when 680106 is divided by 4445?
21
Calculate the remainder when 91320 is divided by 342.
6
Calculate the remainder when 6393031 is divided by 166.
39
What is the remainder when 3699097 is divided by 1080?
97
What is the remainder when 110512 is divided by 1010?
422
What is the remainder when 209898 is divided by 114?
24
Calculate the remainder when 103365 is divided by 4487.
164
Calculate the remainder when 142986 is divided by 141539.
1447
What is the remainder when 407231 is divided by 203?
13
What is the remainder when 533013 is divided by 18?
15
What is the remainder when 162068 is divided by 39810?
2828
What is the remainder when 14726 is divided by 787?
560
What is the remainder when 400669 is divided by 468?
61
Calculate the remainder when 201763 is divided by 6503.
170
Calculate the remainder when 690972 is divided by 365.
27
Calculate the remainder when 168330 is divided by 23847.
1401
What is the remainder when 7736406 is divided by 1547279?
11
What is the remainder when 5178814 is divided by 64?
62
Calculate the remainder when 5598300 is divided by 566.
560
What is the remainder when 19577 is divided by 2777?
138
Calculate the remainder when 7451548 is divided by 277.
248
What is the remainder when 70167 is divided by 34922?
323
What is the remainder when 807551 is divided by 704?
63
Calculate the remainder when 1030326 is divided by 171421.
1800
What is the remainder when 75012385 is divided by 12217?
5
What is the remainder when 397642 is divided by 604?
210
Calculate the remainder when 6498437 is divided by 76452.
17
Calculate the remainder when 4510689 is divided by 4510628.
61
Calculate the remainder when 1788404 is divided by 2070.
1994
What is the remainder when 6409560 is divided by 582?
576
Calculate the remainder when 229622 is divided by 4337.
4098
What is the remainder when 817612 is divided by 319?
15
What is the remainder when 162381 is divided by 6492?
81
What is the remainder when 12967442 is divided by 536?
530
What is the remainder when 3122465 is divided by 1560992?
481
What is the remainder when 23958745 is divided by 12?
1
Calculate the remainder when 875606 is divided by 3342.
2
Calculate the remainder when 9030013 is divided by 391.
259
Calculate the remainder when 29511166 is divided by 64.
62
What is the remainder when 4658233 is divided by 1552684?
181
What is the remainder when 2203060 is divided by 207?
166
Calculate the remainder when 19845 is divided by 1425.
1320
Calculate the remainder when 120894 is divided by 58292.
4310
What is the remainder when 249528 is divided by 13951?
12361
Calculate the remainder when 5611542 is divided by 46.
2
Calculate the remainder when 515501 is divided by 317.
59
Calculate the remainder when 10268323 is divided by 116.
3
What is the remainder when 22185 is divided by 3155?
100
What is the remainder when 1992208 is divided by 36?
4
What is the remainder when 17210053 is divided by 8?
5
What is the remainder when 780732 is divided by 3164?
2388
Calculate the remainder when 34530978 is divided by 14.
6
What is the remainder when 325282 is divided by 2664?
274
Calculate the remainder when 1305190 is divided by 1004.
994
What is the remainder when 453708 is divided by 197?
17
Calculate the remainder when 4512550 is divided by 85.
70
Calculate the remainder when 767259 is divided by 130.
129
What is the remainder when 53233 is divided by 26015?
1203
Calculate the remainder when 8646444 is divided by 440.
4
Calculate the remainder when 191574 is divided by 95019.
1536
Calculate the remainder when 4420791 is divided by 201.
198
What is the remainder when 50478 is divided by 5027?
208
Calculate the remainder when 3058671 is divided by 11542.
41
What is the remainder when 67673510 is divided by 22557830?
20
What is the remainder when 688786 is divided by 407?
142
What is the remainder when 10670016 is divided by 2133998?
26
Calculate the remainder when 128129 is divided by 3193.
409
Calculate the remainder when 3504272 is divided by 1636.
1596
Calculate the remainder when 14634 is divided by 14606.
28
Calculate the remainder when 6403967 is divided by 355772.
71
Calculate the remainder when 485138 is divided by 9701.
88
What is the remainder when 258129 is divided by 2283?
150
What is the remainder when 26960 is divided by 6484?
1024
What is the remainder when 214588 is divided by 35707?
346
Calculate the remainder when 18188571 is divided by 32.
27
What is the remainder when 2173350 is divided by 8?
6
Calculate the remainder when 20334469 is divided by 1694539.
1
What is the remainder when 53638 is divided by 2008?
1430
Calculate the remainder when 575813 is divided by 187.
40
What is the remainder when 1548836 is divided by 109?
55
What is the remainder 